False
Is 938437 composite?
False
Is 1097867 composite?
True
Is 5474519 a prime number?
True
Is 1753319 a prime number?
False
Is 18022561 a prime number?
False
Is 1637221 composite?
False
Is 4841077 a prime number?
False
Is 3947807 composite?
False
Is 38092633 composite?
False
Is 5265317 a prime number?
False
Is 318665026 a composite number?
True
Is 946741 a prime number?
True
Is 4747499 a composite number?
True
Is 41461 composite?
True
Is 75604187 a prime number?
True
Is 532556279 a composite number?
False
Is 89722177 prime?
True
Is 12293713 prime?
True
Is 14055521 composite?
False
Is 9289897 prime?
True
Is 755309 a composite number?
False
Is 15212777 a composite number?
False
Is 425855557 composite?
True
Is 903211 prime?
True
Is 1144397 a composite number?
True
Is 8582723 prime?
True
Is 641587007 a composite number?
False
Is 312961913 prime?
False
Is 6908197 a prime number?
False
Is 1403029 a composite number?
True
Is 1691903 composite?
True
Is 2066762 a prime number?
False
Is 2279027 prime?
False
Is 12035171 composite?
False
Is 22685557 composite?
False
Is 634906 composite?
True
Is 13461199 prime?
True
Is 5754449 prime?
False
Is 49024759 a composite number?
True
Is 793711 a composite number?
False
Is 166284421 a prime number?
False
Is 8298247 a prime number?
True
Is 3345553 prime?
False
Is 1053836657 composite?
False
Is 13651991 prime?
False
Is 20277341 composite?
True
Is 44444081 composite?
True
Is 231871813 composite?
True
Is 1583398 prime?
False
Is 103007 a composite number?
False
Is 15139337 a prime number?
False
Is 35853319 prime?
False
Is 9397099 prime?
False
Is 24189551 a composite number?
False
Is 2054971 a prime number?
True
Is 26680289 a composite number?
False
Is 84516897 a composite number?
True
Is 689657 a prime number?
False
Is 5701107 composite?
True
Is 807607 prime?
True
Is 2668517 a composite number?
True
Is 2334251 a prime number?
True
Is 2189683 a prime number?
False
Is 24162157 a composite number?
True
Is 4162474 a prime number?
False
Is 4576259 composite?
False
Is 42056231 a prime number?
False
Is 7152163 a prime number?
False
Is 4256609 prime?
False
Is 13484558 prime?
False
Is 1651921 a composite number?
False
Is 4304999 a composite number?
False
Is 120272293 prime?
True
Is 151328041 prime?
True
Is 166840211 prime?
True
Is 45421487 composite?
False
Is 262213415 composite?
True
Is 268573421 composite?
False
Is 92759819 composite?
False
Is 14374159 a prime number?
True
Is 618354089 a composite number?
False
Is 160224059 prime?
True
Is 6435109 a composite number?
False
Is 217960817 a prime number?
True
Is 1722529 composite?
False
Is 91603 a prime number?
False
Is 63953521 composite?
False
Is 828379 composite?
False
Is 6332455 a composite number?
True
Is 105373 a composite number?
False
Is 1708337 a composite number?
True
Is 2833037 a composite number?
True
Is 204600289 a composite number?
False
Is 12431858 prime?
False
Is 2241011 composite?
False
Is 4772479 composite?
False
Is 38547559 composite?
True
Is 11759498 a composite number?
True
Is 24941731 a composite number?
False
Is 2671103 composite?
True
Is 7681969 a prime number?
True
Is 3745127 a composite number?
False
Is 1110281143 composite?
False
Is 184363807 a prime number?
True
Is 138628597 a composite number?
False
Is 68611 a prime number?
True
Is 14561411 a composite number?
False
Is 6775829 a composite number?
False
Is 117265927 composite?
False
Is 97437703 prime?
False
Is 104420609 prime?
True
Is 3173069 a composite number?
False
Is 1942723 prime?
True
Is 7183633 prime?
True
Is 29390003 composite?
True
Is 8154143 composite?
True
Is 121768333 composite?
False
Is 442872161 a composite number?
False
Is 2687131 prime?
False
Is 76417 composite?
True
Is 2553997 a composite number?
True
Is 13771297 prime?
True
Is 1193867 composite?
False
Is 23262329 prime?
True
Is 9146273 composite?
False
Is 15873623 a composite number?
False
Is 178377053 a composite number?
False
Is 23344109 composite?
True
Is 245140913 a composite number?
False
Is 8424631 composite?
True
Is 2064737 a prime number?
True
Is 1744681 a prime number?
False
Is 28015487 composite?
False
Is 41081203 a composite number?
False
Is 66807313 a prime number?
True
Is 935603 a composite number?
False
Is 2018053 a composite number?
True
Is 2445011 prime?
True
Is 12659057 prime?
True
Is 203237443 a composite number?
False
Is 304441 a composite number?
True
Is 110436533 prime?
False
Is 516613 composite?
True
Is 46034741 a prime number?
True
Is 144147713 a prime number?
True
Is 30006971 a prime number?
True
Is 133723583 a prime number?
False
Is 23624477 composite?
True
Is 3446231 a prime number?
True
Is 5226733 prime?
True
Is 85086437 a composite number?
True
Is 1054370453 a composite number?
False
Is 22826341 composite?
False
Is 348217841 a composite number?
True
Is 88576381 prime?
False
Is 38881055 a prime number?
False
Is 675243809 a prime number?
True
Is 40628423 a prime number?
False
Is 1263455 a prime number?
False
Is 1566031 a composite number?
False
Is 204933 a prime number?
False
Is 4273903 a composite number?
False
Is 15406457 prime?
False
Is 230140229 composite?
True
Is 6696293 prime?
True
Is 6016463 composite?
True
Is 14630377 a composite number?
True
Is 6769803 composite?
True
Is 18664747 a prime number?
True
Is 1927319 a prime number?
True
Is 22185038 a prime number?
False
Is 1772353 a composite number?
True
Is 211860019 a composite number?
True
Is 12649699 a prime number?
True
Is 9858677 prime?
True
Is 14580173 prime?
False
Is 3820193 a composite number?
True
Is 155369063 prime?
False
Is 681271 prime?
True
Is 7860793 a prime number?
False
Is 1880309 a prime number?
True
Is 867385667 prime?
True
Is 47002051 prime?
True
Is 289183561 prime?
True
Is 2630833 prime?
True
Is 5873519 prime?
True
Is 79480931 composite?
True
Is 381287 prime?
True
Is 892516883 a composite number?
False
Is 50551423 composite?
True
Is 3643951 a composite number?
False
Is 46250957 prime?
False
Is 2306561 a composite number?
False
Is 11486851 a composite number?
False
Is 2735519 a prime number?
True
Is 1558913 a prime number?
True
Is 5892943 composite?
True
Is 80057 a composite number?
True
Is 9542033 a composite number?
True
Is 17016037 prime?
False
Is 2608717 a composite number?
True
Is 5782433 prime?
True
Is 2155711 a composite number?
False
Is 4643843 prime?
True
Is 4725467 a composite number?
False
Is 3670549 a prime number?
True
Is 238890071 composite?
True
Is 115464409 a prime number?
False
Is 10819979 a prime number?
True
Is 693579741 a prime number?
False
Is 5928302 prime?
False
Is 121404901 composite?
True
Is 35019689 composite?
False
Is 367102121 prime?
True
Is 43985999 prime?
True
Is 45689087 a composite number?
False
Is 33482395 a prime number?
False
Is 106392641 prime?
False
Is 3969001 a composite number?
False
Is 3959363 a composite number?
False
Is 915961 a prime number?
True
Is 17167 composite?
False
Is 263837 a prime number?
False
Is 3048863 a composite number?
False
Is 10167338 a composite number?
True
Is 71734669 a prime number?
False
Is 291789709 a prime number?
True
Is 73932277 composite?
False
Is 154002887 composite?
False
Is 2944971277 composite?
False
Is 12171143 prime?
False
Is 18840587 a prime number?
True
Is 10301231 composite?
True
Is 16681883 a prime number?
False
Is 316728211 prime?
False
Is 77967973 a composite number?
False
Is 537370889 a prime number?
False
Is 12980417 prime?
False
Is 2070737 composite?
False
Is 130091 composite?
True
Is 30582683 a composite number?
True
Is 562301 composite?
False
Is 7695427 a prime number?
False
Is 716957 composite?
True
Is 1255895 prime?
False
Is 11570215 composite?
True
Is 3152885 composite?
True
Is 37632971 a prime number?
False
Is 21676007 composite?
False
Is 38397707 prime?
False
Is 93069623 composite?
True
Is 8143363 prime?
False
Is 94998545 a composite number?
True
Is 38564227 composite?
True
Is 64635227 composite?
False
Is 4085845 a prime number?
False
Is 46518159 a prime number?
False
Is 140425447 prime?
False
Is 37029334 prime?
False
Is 465397 a composite number?
True
Is 363863221 a prime number?
True
Is 1958878 a composite number?
True
Is 79313129 a prime number?
False
Is 24812597 a composite number?
True
Is 5535679 composite?
True
Is 773473 prime?
True
I